{"id":672,"date":"2018-08-08T22:37:28","date_gmt":"2018-08-08T22:37:28","guid":{"rendered":"http:\/\/xn--nttenhofe-07a.de\/?page_id=672"},"modified":"2025-06-19T11:21:24","modified_gmt":"2025-06-19T09:21:24","slug":"die-hofe-stellt-sich-vor","status":"publish","type":"page","link":"https:\/\/n\u00f6ttenhofe.de\/willkommen\/die-hofe-stellt-sich-vor","title":{"rendered":"Die HOFE stellt sich vor"},"content":{"rendered":"<p style=\"text-align: center;\"><span style=\"font-family: georgia, palatino, serif;\"><b>Die N\u00f6tten-Jakobi-HOFE im B\u00dcRGER-SCH\u00dcTZEN-VEREIN ZU SOEST E.V.<\/b><\/span><\/p>\n<p style=\"text-align: center;\"><img loading=\"lazy\" decoding=\"async\" class=\"alignnone size-full wp-image-673\" src=\"http:\/\/xn--nttenhofe-07a.de\/wp-content\/uploads\/2018\/08\/hofesfoto2001_650.jpg\" alt=\"\" width=\"650\" height=\"404\" srcset=\"https:\/\/n\u00f6ttenhofe.de\/wp-content\/uploads\/2018\/08\/hofesfoto2001_650.jpg 650w, https:\/\/n\u00f6ttenhofe.de\/wp-content\/uploads\/2018\/08\/hofesfoto2001_650-300x186.jpg 300w\" sizes=\"auto, (max-width: 650px) 100vw, 650px\" \/><\/p>\n<p style=\"text-align: center;\"><em>Die N\u00f6tten-Hofe<\/em> auf dem Soester Marktplatz im Jahre 2001<\/p>\n<p style=\"text-align: center;\"><b>Der B\u00fcrger- Sch\u00fctzen &#8211; Verein zu Soest gliederte sich bis 2024 in 5 Hofen. Jede Hofe steht f\u00fcr einen Stadtbezirk. Die 2024 aus der N\u00f6tten-Hofe und Jakobi-Hofe entstandene N\u00f6tten-Jakobi-Hofe liegt im Soester Westen.<br \/>\nHeute kann sich jeder der N\u00f6tten-Jakobi-Hofe anschlie\u00dfen, der die Geselligkeit, Traditionen und den Schie\u00dfsport pflegen m\u00f6chte.<\/b><\/p>\n","protected":false},"excerpt":{"rendered":"<p>Die N\u00f6tten-Jakobi-HOFE im B\u00dcRGER-SCH\u00dcTZEN-VEREIN ZU SOEST E.V. Die N\u00f6tten-Hofe auf dem Soester Marktplatz im Jahre 2001 Der B\u00fcrger- Sch\u00fctzen &#8211; Verein zu Soest gliederte sich&#8230;<\/p>\n<div class=\"more-link-wrapper\"><a class=\"more-link\" href=\"https:\/\/n\u00f6ttenhofe.de\/willkommen\/die-hofe-stellt-sich-vor\">mehr<span class=\"screen-reader-text\">Die HOFE stellt sich vor<\/span><\/a><\/div>\n","protected":false},"author":1,"featured_media":0,"parent":0,"menu_order":0,"comment_status":"closed","ping_status":"closed","template":"","meta":{"footnotes":""},"class_list":["post-672","page","type-page","status-publish","hentry","entry"],"_links":{"self":[{"href":"https:\/\/n\u00f6ttenhofe.de\/willkommen\/wp-json\/wp\/v2\/pages\/672","targetHints":{"allow":["GET"]}}],"collection":[{"href":"https:\/\/n\u00f6ttenhofe.de\/willkommen\/wp-json\/wp\/v2\/pages"}],"about":[{"href":"https:\/\/n\u00f6ttenhofe.de\/willkommen\/wp-json\/wp\/v2\/types\/page"}],"author":[{"embeddable":true,"href":"https:\/\/n\u00f6ttenhofe.de\/willkommen\/wp-json\/wp\/v2\/users\/1"}],"replies":[{"embeddable":true,"href":"https:\/\/n\u00f6ttenhofe.de\/willkommen\/wp-json\/wp\/v2\/comments?post=672"}],"version-history":[{"count":3,"href":"https:\/\/n\u00f6ttenhofe.de\/willkommen\/wp-json\/wp\/v2\/pages\/672\/revisions"}],"predecessor-version":[{"id":1599,"href":"https:\/\/n\u00f6ttenhofe.de\/willkommen\/wp-json\/wp\/v2\/pages\/672\/revisions\/1599"}],"wp:attachment":[{"href":"https:\/\/n\u00f6ttenhofe.de\/willkommen\/wp-json\/wp\/v2\/media?parent=672"}],"curies":[{"name":"wp","href":"https:\/\/api.w.org\/{rel}","templated":true}]}}