{"id":1093,"date":"2019-01-11T00:54:06","date_gmt":"2019-01-10T22:54:06","guid":{"rendered":"https:\/\/n\u00f6ttenhofe.de\/willkommen\/?page_id=1093"},"modified":"2019-01-11T00:54:06","modified_gmt":"2019-01-10T22:54:06","slug":"freundschaften","status":"publish","type":"page","link":"https:\/\/n\u00f6ttenhofe.de\/willkommen\/freundschaften","title":{"rendered":"Freundschaften"},"content":{"rendered":"\n<p><strong>Alte Bande neu gekn\u00fcpft!<br><br>1999 feierte der B\u00fcrger-Sch\u00fctzen-Verein zu Soest sein 775 j\u00e4hriges Bestehen. Eingeladen waren viele Gastvereine, Freunde und Feinde aus der mittelalterlichen Zeit der Soester Fehde. Auf Wunsch des Hauptmanns Dirk H\u00fclsemann wurde uns die Betreuung der Kleve-Kellener Sch\u00fctzengesellschaft \u00fcbertragen. Ein Abend reichte aus um Jahrhunderte zu \u00fcberbr\u00fccken. Es fand sich ein gegenseitiger Wunsch den Kontakt zu erhalten. J\u00e4hrlich im Wechsel besuchen wir uns zum Sch\u00fctzenfest.<\/strong><\/p>\n\n\n\n<figure class=\"wp-block-image\"><img loading=\"lazy\" decoding=\"async\" width=\"1024\" height=\"471\" src=\"https:\/\/n\u00f6ttenhofe.de\/wp-content\/uploads\/2019\/01\/mitkleve2-1024x471.jpg\" alt=\"\" class=\"wp-image-1094\" srcset=\"https:\/\/n\u00f6ttenhofe.de\/wp-content\/uploads\/2019\/01\/mitkleve2-1024x471.jpg 1024w, https:\/\/n\u00f6ttenhofe.de\/wp-content\/uploads\/2019\/01\/mitkleve2-300x138.jpg 300w, https:\/\/n\u00f6ttenhofe.de\/wp-content\/uploads\/2019\/01\/mitkleve2-768x353.jpg 768w, https:\/\/n\u00f6ttenhofe.de\/wp-content\/uploads\/2019\/01\/mitkleve2.jpg 1204w\" sizes=\"auto, (max-width: 1024px) 100vw, 1024px\" \/><figcaption><em>Gruppenbild<\/em>\u00a0der N\u00f6tten-HOFE und des Kellener Sch\u00fctzenvereins zum B\u00fcrgersch\u00fctzenfest 2001 in Soest.<\/figcaption><\/figure>\n\n\n\n<figure class=\"wp-block-image\"><img loading=\"lazy\" decoding=\"async\" width=\"1024\" height=\"683\" src=\"https:\/\/n\u00f6ttenhofe.de\/wp-content\/uploads\/2019\/01\/009anoettenhofe29062013-1-1024x683.jpg\" alt=\"\" class=\"wp-image-1095\" srcset=\"https:\/\/n\u00f6ttenhofe.de\/wp-content\/uploads\/2019\/01\/009anoettenhofe29062013-1.jpg 1024w, https:\/\/n\u00f6ttenhofe.de\/wp-content\/uploads\/2019\/01\/009anoettenhofe29062013-1-300x200.jpg 300w, https:\/\/n\u00f6ttenhofe.de\/wp-content\/uploads\/2019\/01\/009anoettenhofe29062013-1-768x512.jpg 768w\" sizes=\"auto, (max-width: 1024px) 100vw, 1024px\" \/><figcaption><em>Gruppenbild 2013<\/em>\u00a0der N\u00f6tten-HOFE mit Freunden des Kellener Sch\u00fctzenvereins und des Spielmannszuges Hultrop.<\/figcaption><\/figure>\n","protected":false},"excerpt":{"rendered":"<p>Alte Bande neu gekn\u00fcpft! 1999 feierte der B\u00fcrger-Sch\u00fctzen-Verein zu Soest sein 775 j\u00e4hriges Bestehen. Eingeladen waren viele Gastvereine, Freunde und Feinde aus der mittelalterlichen Zeit&#8230;<\/p>\n<div class=\"more-link-wrapper\"><a class=\"more-link\" href=\"https:\/\/n\u00f6ttenhofe.de\/willkommen\/freundschaften\">mehr<span class=\"screen-reader-text\">Freundschaften<\/span><\/a><\/div>\n","protected":false},"author":1,"featured_media":0,"parent":0,"menu_order":0,"comment_status":"closed","ping_status":"closed","template":"","meta":{"footnotes":""},"class_list":["post-1093","page","type-page","status-publish","hentry","entry"],"_links":{"self":[{"href":"https:\/\/n\u00f6ttenhofe.de\/willkommen\/wp-json\/wp\/v2\/pages\/1093","targetHints":{"allow":["GET"]}}],"collection":[{"href":"https:\/\/n\u00f6ttenhofe.de\/willkommen\/wp-json\/wp\/v2\/pages"}],"about":[{"href":"https:\/\/n\u00f6ttenhofe.de\/willkommen\/wp-json\/wp\/v2\/types\/page"}],"author":[{"embeddable":true,"href":"https:\/\/n\u00f6ttenhofe.de\/willkommen\/wp-json\/wp\/v2\/users\/1"}],"replies":[{"embeddable":true,"href":"https:\/\/n\u00f6ttenhofe.de\/willkommen\/wp-json\/wp\/v2\/comments?post=1093"}],"version-history":[{"count":1,"href":"https:\/\/n\u00f6ttenhofe.de\/willkommen\/wp-json\/wp\/v2\/pages\/1093\/revisions"}],"predecessor-version":[{"id":1096,"href":"https:\/\/n\u00f6ttenhofe.de\/willkommen\/wp-json\/wp\/v2\/pages\/1093\/revisions\/1096"}],"wp:attachment":[{"href":"https:\/\/n\u00f6ttenhofe.de\/willkommen\/wp-json\/wp\/v2\/media?parent=1093"}],"curies":[{"name":"wp","href":"https:\/\/api.w.org\/{rel}","templated":true}]}}