{"id":1041,"date":"2018-08-16T10:45:58","date_gmt":"2018-08-16T08:45:58","guid":{"rendered":"https:\/\/n\u00f6ttenhofe.de\/?page_id=1041"},"modified":"2025-07-13T16:03:49","modified_gmt":"2025-07-13T14:03:49","slug":"termine","status":"publish","type":"page","link":"https:\/\/n\u00f6ttenhofe.de\/willkommen\/termine","title":{"rendered":"Termine"},"content":{"rendered":"<p style=\"text-align: center;\">Geselligkeit&#8230;.<i><\/i><\/p>\n<p>wird in der N\u00f6tten-Jakobi-Hofe gro\u00df geschrieben, dies zeigen die vielen Hofesveranstaltungen zu den Gesamtvereinsveranstaltungen, bei denen Kontakte gekn\u00fcpft und gepflegt werden:<\/p>\n<p>Der BSV bietet \u00fcber den Vereinsplaner unter https:\/\/vereinsplaner.de\/ oder \u00fcber die entsprechende Smartphone-App alle Termin und Vereinskommunikation in einem Kanal an. Meldet euch f\u00fcr die genauen Termine und Veranstaltungsorte gerne dort an und lasst euch mit Informationen versorgen.\u00a0<\/p>\n<table style=\"border-collapse: collapse; width: 99.583%; height: 946px;\" border=\"1\">\n<tbody>\n<tr style=\"height: 20px;\">\n<td style=\"width: 34.0097%; height: 20px;\">Wann<\/td>\n<td style=\"width: 9.38306%; height: 20px;\">Uhrzeit<\/td>\n<td style=\"width: 43.1771%; height: 20px;\">Was<\/td>\n<td style=\"width: 17.6464%; height: 20px;\">Wo\/Treffen<\/td>\n<\/tr>\n<tr>\n<td style=\"width: 34.0097%;\">Jeden dritten Dienstag des Monats<\/td>\n<td style=\"width: 9.38306%;\">18:30 Uhr<\/td>\n<td style=\"width: 43.1771%;\">Schie\u00dfabend der NJH<\/td>\n<td style=\"width: 17.6464%;\">Sch\u00fctzenhof<\/td>\n<\/tr>\n<tr style=\"height: 62px;\">\n<td style=\"width: 34.0097%; height: 62px;\">Jeden ersten Mittwoch des Monats<\/td>\n<td style=\"width: 9.38306%; height: 62px;\">19:00 Uhr<\/td>\n<td style=\"width: 43.1771%; height: 62px;\">Herrenstammtisch der NJH<\/td>\n<td style=\"width: 17.6464%; height: 62px;\">Aloisius<\/td>\n<\/tr>\n<tr style=\"height: 62px;\">\n<td style=\"width: 34.0097%; height: 62px;\">Jeden ersten Donnerstag des Monats<\/td>\n<td style=\"width: 9.38306%; height: 62px;\">19:00 Uhr<\/td>\n<td style=\"width: 43.1771%; height: 62px;\">Damenstammtisch der NJH<\/td>\n<td style=\"width: 17.6464%; height: 62px;\">wechselnd<\/td>\n<\/tr>\n<tr>\n<td style=\"width: 34.0097%;\">Jeden dritten Freitag des Monats<\/td>\n<td style=\"width: 9.38306%;\">19:00 Uhr<\/td>\n<td style=\"width: 43.1771%;\">Kl\u00f6n-Abend des BSV mit Schie\u00dfen<\/td>\n<td style=\"width: 17.6464%;\">Sch\u00fctzenhof<\/td>\n<\/tr>\n<tr>\n<td style=\"width: 34.0097%;\">07.02.2026<\/td>\n<td style=\"width: 9.38306%;\">17.oo Uhr<\/td>\n<td style=\"width: 43.1771%;\">Historischer Stadtrundgang mit anschlie\u00dfendem Essen<\/td>\n<td style=\"width: 17.6464%;\">\u00a0<\/td>\n<\/tr>\n<tr>\n<td style=\"width: 34.0097%;\">im Wechsel<\/td>\n<td style=\"width: 9.38306%;\">\u00a0<\/td>\n<td style=\"width: 43.1771%;\">Schnadegang \/ Ice&amp;Fire Party<\/td>\n<td style=\"width: 17.6464%;\">Soest<\/td>\n<\/tr>\n<tr style=\"height: 41px;\">\n<td style=\"width: 34.0097%; height: 41px;\">20.02.2026<\/td>\n<td style=\"width: 9.38306%; height: 41px;\">19:00 Uhr<\/td>\n<td style=\"width: 43.1771%; height: 41px;\">Jahresversammlung NJH<\/td>\n<td style=\"width: 17.6464%; height: 41px;\">Sudhaus vom Aloisius<\/td>\n<\/tr>\n<tr>\n<td style=\"width: 34.0097%;\">M\u00e4rz 2026<\/td>\n<td style=\"width: 9.38306%;\">\u00a0<\/td>\n<td style=\"width: 43.1771%;\"><span class=\"title\"><span class=\"title\">Jahreshauptversammlung BSV<\/span><\/span><\/td>\n<td style=\"width: 17.6464%;\">Sch\u00fctzenhof<\/td>\n<\/tr>\n<tr style=\"height: 62px;\">\n<td style=\"width: 34.0097%; height: 62px;\">April 2026<\/td>\n<td style=\"width: 9.38306%; height: 62px;\">ab 14:30 Uhr<\/td>\n<td style=\"width: 43.1771%; height: 62px;\"><span class=\"title\"><span class=\"title\">Seniorenkaffee im Sch\u00fctzenhof im April 2026<\/span><\/span>\n<div class=\"detail-content\">\n<div class=\"detail-item\">\u00a0<\/div>\n<\/div>\n<\/td>\n<td style=\"width: 17.6464%; height: 62px;\">Sch\u00fctzenhof<\/td>\n<\/tr>\n<tr style=\"height: 41px;\">\n<td style=\"width: 34.0097%; height: 41px;\">18.04.2026<\/td>\n<td style=\"width: 9.38306%; height: 41px;\">ab 12.oo Uhr<\/td>\n<td style=\"width: 43.1771%; height: 41px;\">Fr\u00fchjahrsfest mit Kindersch\u00fctzenfest<\/td>\n<td style=\"width: 17.6464%; height: 41px;\">Sch\u00fctzenhof<\/td>\n<\/tr>\n<tr style=\"height: 62px;\">\n<td style=\"width: 34.0097%; height: 62px;\">Samstag vor Sch\u00fctzenfest<\/td>\n<td style=\"width: 9.38306%; height: 62px;\">\u00a0<\/td>\n<td style=\"width: 43.1771%; height: 62px;\">Wippen (Treffen am Osthofentor, Wippen sp\u00e4ter am gro\u00dfen Teich)<\/td>\n<td style=\"width: 17.6464%; height: 62px;\">Osthofentor<\/td>\n<\/tr>\n<tr style=\"height: 41px;\">\n<td style=\"width: 34.0097%; height: 41px;\">im Juni um Johanni<\/td>\n<td style=\"width: 9.38306%; height: 41px;\">\u00a0<\/td>\n<td style=\"width: 43.1771%; height: 41px;\">Sch\u00fctzenfestwoche<\/td>\n<td style=\"width: 17.6464%; height: 41px;\">\u00a0<\/td>\n<\/tr>\n<tr>\n<td style=\"width: 34.0097%;\">Sonntag der Sch\u00fcfe-Woche<\/td>\n<td style=\"width: 9.38306%;\">15:00 Uhr<\/td>\n<td style=\"width: 43.1771%;\">Schm\u00fccken der Hofe<\/td>\n<td style=\"width: 17.6464%;\">Kater<\/td>\n<\/tr>\n<tr style=\"height: 41px;\">\n<td style=\"width: 34.0097%; height: 41px;\">Montag der Sch\u00fcfe-Woche<\/td>\n<td style=\"width: 9.38306%; height: 41px;\">17:00 Uhr<\/td>\n<td style=\"width: 43.1771%; height: 41px;\">Schm\u00fccken der Hofe, anschlie\u00dfend Musik im Jakobihof<\/td>\n<td style=\"width: 17.6464%; height: 41px;\">Kater<\/td>\n<\/tr>\n<tr style=\"height: 41px;\">\n<td style=\"width: 34.0097%; height: 41px;\">Mittwoch der Sch\u00fcfe-Woche<\/td>\n<td style=\"width: 9.38306%; height: 41px;\">16:00 Uhr<\/td>\n<td style=\"width: 43.1771%; height: 41px;\">Laubholen der NJH<\/td>\n<td style=\"width: 17.6464%; height: 41px;\">Sch\u00fctzenhof<\/td>\n<\/tr>\n<tr style=\"height: 62px;\">\n<td style=\"width: 34.0097%; height: 62px;\">Freitag der Sch\u00fcfe-Woche<\/td>\n<td style=\"width: 9.38306%; height: 62px;\">17:00 Uhr<\/td>\n<td style=\"width: 43.1771%; height: 62px;\">Sch\u00fctzenfest mit &#8222;Gro\u00dfem Zapfenstreich&#8220;, Abschluss mit Tanzabend<\/td>\n<td style=\"width: 17.6464%; height: 62px;\">\u00a0<\/td>\n<\/tr>\n<tr style=\"height: 62px;\">\n<td style=\"width: 34.0097%; height: 62px;\">Samstag der Sch\u00fcfe-Woche<\/td>\n<td style=\"width: 9.38306%; height: 62px;\">09:30 Uhr<\/td>\n<td style=\"width: 43.1771%; height: 62px;\">Sch\u00fctzenfest: Fr\u00fchst\u00fcck, Sternmarsch, Parade, Adlerschie\u00dfen, Tanzabend<\/td>\n<td style=\"width: 17.6464%; height: 62px;\">\u00a0<\/td>\n<\/tr>\n<tr style=\"height: 41px;\">\n<td style=\"width: 34.0097%; height: 41px;\">Sonntag der Sch\u00fcfe-Woche<\/td>\n<td style=\"width: 9.38306%; height: 41px;\">\u00a0<\/td>\n<td style=\"width: 43.1771%; height: 41px;\">Sch\u00fctzenfest: Fr\u00fchschoppen<\/td>\n<td style=\"width: 17.6464%; height: 41px;\">\u00a0<\/td>\n<\/tr>\n<tr style=\"height: 41px;\">\n<td style=\"width: 34.0097%; height: 41px;\">Montag nach Sch\u00fcfe<\/td>\n<td style=\"width: 9.38306%; height: 41px;\">17:00 Uhr<\/td>\n<td style=\"width: 43.1771%; height: 41px;\">Abschm\u00fccken der Hofe<\/td>\n<td style=\"width: 17.6464%; height: 41px;\">Kater<\/td>\n<\/tr>\n<tr style=\"height: 20px;\">\n<td style=\"width: 34.0097%; height: 20px;\">27.09.2025\u00a0<\/td>\n<td style=\"width: 9.38306%; height: 20px;\">\u00a0<\/td>\n<td style=\"width: 43.1771%; height: 20px;\">Spie\u00dfbiwak<\/td>\n<td style=\"width: 17.6464%; height: 20px;\">\u00a0<\/td>\n<\/tr>\n<tr style=\"height: 41px;\">\n<td style=\"width: 34.0097%; height: 41px;\">31.10.2025<br \/>Einlass 18:30 Uhr<\/td>\n<td style=\"width: 9.38306%; height: 41px;\">19:00 Uhr<\/td>\n<td style=\"width: 43.1771%; height: 41px;\">Wildessen<\/td>\n<td style=\"width: 17.6464%; height: 41px;\">Wilder Mann<\/td>\n<\/tr>\n<tr style=\"height: 62px;\">\n<td style=\"width: 34.0097%; height: 62px;\">07.12.2025<\/td>\n<td style=\"width: 9.38306%; height: 62px;\">15:00 Uhr<\/td>\n<td style=\"width: 43.1771%; height: 62px;\">Weihnachtsfeier mit Besuch des Nikolauses und Rahmenprogramm<\/td>\n<td style=\"width: 17.6464%; height: 62px;\">Sch\u00fctzenhof<\/td>\n<\/tr>\n<tr style=\"height: 41px;\">\n<td style=\"width: 34.0097%; height: 41px;\">Dezember<\/td>\n<td style=\"width: 9.38306%; height: 41px;\">\u00a0<\/td>\n<td style=\"width: 43.1771%; height: 41px;\">Stammtisch auf dem Weihnachtsmarkt<\/td>\n<td style=\"width: 17.6464%; height: 41px;\">\u00a0<\/td>\n<\/tr>\n<\/tbody>\n<\/table>\n\n","protected":false},"excerpt":{"rendered":"<p>Geselligkeit&#8230;. wird in der N\u00f6tten-Jakobi-Hofe gro\u00df geschrieben, dies zeigen die vielen Hofesveranstaltungen zu den Gesamtvereinsveranstaltungen, bei denen Kontakte gekn\u00fcpft und gepflegt werden: Der BSV bietet&#8230;<\/p>\n<div class=\"more-link-wrapper\"><a class=\"more-link\" href=\"https:\/\/n\u00f6ttenhofe.de\/willkommen\/termine\">mehr<span class=\"screen-reader-text\">Termine<\/span><\/a><\/div>\n","protected":false},"author":1,"featured_media":0,"parent":0,"menu_order":0,"comment_status":"closed","ping_status":"closed","template":"templates\/full-width.php","meta":{"footnotes":""},"class_list":["post-1041","page","type-page","status-publish","hentry","entry"],"_links":{"self":[{"href":"https:\/\/n\u00f6ttenhofe.de\/willkommen\/wp-json\/wp\/v2\/pages\/1041","targetHints":{"allow":["GET"]}}],"collection":[{"href":"https:\/\/n\u00f6ttenhofe.de\/willkommen\/wp-json\/wp\/v2\/pages"}],"about":[{"href":"https:\/\/n\u00f6ttenhofe.de\/willkommen\/wp-json\/wp\/v2\/types\/page"}],"author":[{"embeddable":true,"href":"https:\/\/n\u00f6ttenhofe.de\/willkommen\/wp-json\/wp\/v2\/users\/1"}],"replies":[{"embeddable":true,"href":"https:\/\/n\u00f6ttenhofe.de\/willkommen\/wp-json\/wp\/v2\/comments?post=1041"}],"version-history":[{"count":38,"href":"https:\/\/n\u00f6ttenhofe.de\/willkommen\/wp-json\/wp\/v2\/pages\/1041\/revisions"}],"predecessor-version":[{"id":1621,"href":"https:\/\/n\u00f6ttenhofe.de\/willkommen\/wp-json\/wp\/v2\/pages\/1041\/revisions\/1621"}],"wp:attachment":[{"href":"https:\/\/n\u00f6ttenhofe.de\/willkommen\/wp-json\/wp\/v2\/media?parent=1041"}],"curies":[{"name":"wp","href":"https:\/\/api.w.org\/{rel}","templated":true}]}}